-- https://www.phpmyadmin.net/
--

START TRANSACTION;



--
-- Database: `ctcbjtlj_design2`
--

-- --------------------------------------------------------

--
-- Table structure for table `about_design_img`
--

CREATE TABLE `about_design_img` (
  `id` int(10) NOT NULL,
  `design_img` varchar(1000) DEFAULT NULL,
  `title` varchar(100) DEFAULT NULL,
  `status` varchar(100) DEFAULT NULL
) ENGINE=InnoDB DEFAULT CHARSET=utf8mb4;

-- --------------------------------------------------------

--
-- Table structure for table `about_faq`
--

CREATE TABLE `about_faq` (
  `id` int(10) NOT NULL,
  `question` varchar(3000) DEFAULT NULL,
  `answer` varchar(5000) DEFAULT NULL,
  `status` varchar(50) DEFAULT NULL
) ENGINE=InnoDB DEFAULT CHARSET=utf8mb4;

-- --------------------------------------------------------

--
-- Table structure for table `admin_more_info`
--

CREATE TABLE `admin_more_info` (
  `id` int(100) NOT NULL,
  `user_name` varchar(500) DEFAULT NULL,
  `website_name` varchar(5000) DEFAULT NULL,
  `phone` varchar(300) DEFAULT NULL,
  `op_phone` varchar(300) DEFAULT NULL,
  `email` varchar(1000) DEFAULT NULL,
  `op_email` varchar(1000) DEFAULT NULL,
  `address` varchar(5000) DEFAULT NULL,
  `logo_img` varchar(500) DEFAULT NULL,
  `logo_sticky` varchar(5000) DEFAULT NULL,
  `fav_img` varchar(500) DEFAULT NULL,
  `about_us` text DEFAULT NULL,
  `mission` varchar(9000) DEFAULT NULL,
  `vision` varchar(9000) DEFAULT NULL,
  `strength` varchar(9000) DEFAULT NULL,
  `facebook` varchar(2000) DEFAULT NULL,
  `youtube` varchar(2000) DEFAULT NULL,
  `linkedin` varchar(2000) DEFAULT NULL,
  `insta` varchar(2000) DEFAULT NULL,
  `meta_title` varchar(5000) DEFAULT NULL,
  `p_meta_keywords` text DEFAULT NULL,
  `p_meta_desc` text DEFAULT NULL,
  `status` varchar(50) DEFAULT 'active'
) ENGINE=InnoDB DEFAULT CHARSET=latin1;

--
-- Dumping data for table `admin_more_info`
--

INSERT INTO `admin_more_info` (`id`, `user_name`, `website_name`, `phone`, `op_phone`, `email`, `op_email`, `address`, `logo_img`, `logo_sticky`, `fav_img`, `about_us`, `mission`, `vision`, `strength`, `facebook`, `youtube`, `linkedin`, `insta`, `meta_title`, `p_meta_keywords`, `p_meta_desc`, `status`) VALUES
(1, 'AT81MA2H20', 'Modular Kitchen Gurgaon | Modular Kitchen Manufacturer in Gurugram', '+91-9315894251', '', 'info@modularkitchensgurgaon.in', '', 'Sector 104, Main Daulatabad Road, Near Railway Flyover / Dwarka Expressway, Gurgaon - 122006, Haryana', '1609574297logo-2.png', '1609574297logo-2.png', '1609574297favicon.png', '<p>Star Kitchen &amp; Interiors is a leading manufacturer and modular kitchens traders Delhi. Providing the best services for attractive modular kitchens, bathroom vanity, office furniture, and LCD panel, etc, we are helping all our clients to receive the best solutions for all types of home interiors too. Serving as the best modular kitchen manufacturer in Gurgaon, we are helping our clients to experience the most advanced services at unbelievable prices.</p>\r\n\r\n<p>At Star Kitchen &amp; Interiors, we take care to provide you with the services which are tailored by the people who are experts in this field. As the best modular kitchen supplier, we provide you with the best interiors and kitchen design strategies to match your needs. As the best modular kitchen traders Gurgaon, our expert services are developed to give the interior designs that the customer demands. Using sturdy and attractive material along with top-notch work tactics, we provide you with the best interior design and fitting solutions. Working as the best modular kitchen traders, we give you the most advanced services with our huge industry networks.<br />\r\n<br />\r\nAt star kitchens and interiors, we give you the innovative solution by which you can live your lives comfortably. For both residential and commercial projects, we give you the best support as a leading modular kitchen manufacturer in Gurgaon.</p>\r\n', '<p>We are committed to providing you with the best services as modular kitchens supplier Gurgaon. We have served various clients with our world-class services using our best work strategies. Working with the expert designers and high-end work tactics, we always ensure to give the most advanced services as the best&nbsp;<strong>modular kitchen manufacturer Delhi.</strong><br />\r\n<br />\r\nWe work with our well-organized services and expert staff to give you the results you want from us. With our increasing recognition, we are now known as the best&nbsp;<strong>modular kitchen supplier Delhi.</strong>&nbsp;So, if you are looking for modern and tailor-made solutions for your interior designs, feel free to get in touch with us anytime.</p>\r\n', '', '', '#', '#', '#', '#', 'meta title', 'keywords', 'desc', 'active');

-- --------------------------------------------------------

--
-- Table structure for table `apply_jobs_post`
--

CREATE TABLE `apply_jobs_post` (
  `id` int(10) NOT NULL,
  `job_id` varchar(100) DEFAULT NULL,
  `name` varchar(1000) DEFAULT NULL,
  `email` varchar(1000) DEFAULT NULL,
  `phone` varchar(50) DEFAULT NULL,
  `messg` text DEFAULT NULL,
  `resume_file` varchar(500) DEFAULT NULL,
  `status` varchar(50) DEFAULT NULL
) ENGINE=InnoDB DEFAULT CHARSET=utf8mb4;

--
-- Dumping data for table `apply_jobs_post`
--

INSERT INTO `apply_jobs_post` (`id`, `job_id`, `name`, `email`, `phone`, `messg`, `resume_file`, `status`) VALUES
(1, '7', 'dhamraj', 'whyshydeveloper@gmail.com', '7070707070', 'hi', '1611989344.docx', 'active'),
(2, '7', 'seafesf', 'awdawd@gmail.com', '085789823166', 'awdawdaw', '1613867504.pdf', 'active');

-- --------------------------------------------------------

--
-- Table structure for table `blog`
--

CREATE TABLE `blog` (
  `id` int(20) NOT NULL,
  `blogs_categ_id` varchar(5000) DEFAULT NULL,
  `title` varchar(500) DEFAULT NULL,
  `url` varchar(600) DEFAULT NULL,
  `custom_url` varchar(1000) DEFAULT NULL,
  `date_add` varchar(100) DEFAULT NULL,
  `c_date` varchar(100) DEFAULT NULL,
  `c_month` varchar(100) DEFAULT NULL,
  `blogs_details` text DEFAULT NULL,
  `post_by` varchar(500) DEFAULT NULL,
  `picture` varchar(1000) DEFAULT NULL,
  `meta_title` varchar(2000) DEFAULT NULL,
  `keyword` varchar(5000) DEFAULT NULL,
  `description` varchar(5000) DEFAULT NULL,
  `blog_tags` text DEFAULT NULL,
  `status` varchar(500) DEFAULT NULL
) ENGINE=InnoDB DEFAULT CHARSET=latin1;

-- --------------------------------------------------------

--
-- Table structure for table `blogs_review`
--

CREATE TABLE `blogs_review` (
  `id` int(50) NOT NULL,
  `blogs_id` varchar(20) DEFAULT NULL,
  `name` varchar(2000) DEFAULT NULL,
  `email` varchar(500) DEFAULT NULL,
  `feedback` text DEFAULT NULL,
  `post_date` varchar(100) DEFAULT NULL,
  `image` varchar(500) DEFAULT NULL,
  `status` varchar(100) DEFAULT 'active'
) ENGINE=InnoDB DEFAULT CHARSET=latin1;

--
-- Dumping data for table `blogs_review`
--

INSERT INTO `blogs_review` (`id`, `blogs_id`, `name`, `email`, `feedback`, `post_date`, `image`, `status`) VALUES
(1, '7', 'fdfd', 'dfdf@gfg.fdf', 'dfdf', '19-Jan-2021', NULL, 'deactive'),
(2, '7', 'fdfd', 'dfdf@gfg.fdf', 'dfdf', '19-Jan-2021', NULL, 'deactive'),
(3, '7', 'dharmraj', 'dk@gmail.com', 'hello', '19-Jan-2021', '', 'deactive'),
(4, '7', 'test', 'test@gmail.com', 'sds', '19-Jan-2021', '', 'deactive'),
(5, '7', 'fdf', 'test@gmail.com', 'dfd', '19-Jan-2021', '', 'deactive'),
(6, '7', 'dfd', 'test@gmail.com', 'dfd', '19-Jan-2021', '', 'deactive'),
(7, '7', 'test', 'test@gmail.com', 'sdsd', '19-Jan-2021', '', 'deactive');

-- --------------------------------------------------------

--
-- Table structure for table `book_appointment`
--

CREATE TABLE `book_appointment` (
  `id` int(10) NOT NULL,
  `name` varchar(1000) DEFAULT NULL,
  `email` varchar(1000) DEFAULT NULL,
  `phone` varchar(50) DEFAULT NULL,
  `messg` text DEFAULT NULL,
  `resume_file` varchar(500) DEFAULT NULL,
  `status` varchar(50) DEFAULT NULL
) ENGINE=InnoDB DEFAULT CHARSET=utf8mb4;

--
-- Dumping data for table `book_appointment`
--

INSERT INTO `book_appointment` (`id`, `name`, `email`, `phone`, `messg`, `resume_file`, `status`) VALUES
(1, 'test', 'test@gmail.com', '7070707070', 'rwerer', '1610196837.png', 'active'),
(2, 't', 'rachit.jn@gmail.com', '4567890', 'hi', '1611919969.jpg', 'active'),
(3, '29 night', 'rachit.jn@gmail.com', '4567890', 'hi', '1611935432.png', 'active'),
(4, 'test', 'whyshydeveloper@gmail.com', '7070707070', 'fgrgtfgf', '1611988326.jpg', 'active'),
(5, '31 MORNING', 'rachit.jn@gmail.com', '4567890', 'HI', '', 'active'),
(6, 'Shantanu', 'Shantanu.sobti@gmail.com', '9604362607', 'Modular kitchens and interior design required for 2 bhk in sector 37c gurgaon ', '', 'active'),
(7, 'Anoop', 'anooprrajj@gmail.com', '9560026617', 'Wardrobe in 2 Rooms +Kitchen', '', 'active'),
(8, 'reter', 'awdaw@awdaw.awdawd', '123123123123123', 'awdawd', '1613867540.jpg', 'active'),
(9, 'masoom kathuria', 'mask143@gmail.com', '9582826565', 'want to change', '1614421849.jpg', 'active'),
(10, 'Amit Tyagi', 'amitBrick@gmail.com', '8920934455', 'We are looking for mpdiular kitchen option', '', 'active');

-- --------------------------------------------------------

--
-- Table structure for table `b_category`
--

CREATE TABLE `b_category` (
  `id` int(50) NOT NULL,
  `g_category_name` varchar(8000) DEFAULT NULL,
  `g_code` varchar(500) DEFAULT NULL,
  `status` varchar(500) DEFAULT NULL
) ENGINE=InnoDB DEFAULT CHARSET=utf8mb4;

--
-- Dumping data for table `b_category`
--

INSERT INTO `b_category` (`id`, `g_category_name`, `g_code`, `status`) VALUES
(5, 'Catering', 'DES5', 'active');

-- --------------------------------------------------------

--
-- Table structure for table `clients_photo`
--

CREATE TABLE `clients_photo` (
  `id` int(10) NOT NULL,
  `slider_img` varchar(5000) DEFAULT NULL,
  `status` varchar(100) DEFAULT 'active'
) ENGINE=InnoDB DEFAULT CHARSET=latin1;

--
-- Dumping data for table `clients_photo`
--

INSERT INTO `clients_photo` (`id`, `slider_img`, `status`) VALUES
(2, '1616137735.png', 'active'),
(3, '1616137740.png', 'active'),
(4, '1616137743.png', 'active'),
(5, '1616137748.png', 'active'),
(6, '1616137751.png', 'active'),
(7, '1616137755.png', 'active');

-- --------------------------------------------------------

--
-- Table structure for table `contactUsPageEnquiry`
--

CREATE TABLE `contactUsPageEnquiry` (
  `id` int(10) NOT NULL,
  `fname` varchar(1000) DEFAULT NULL,
  `lname` varchar(1000) DEFAULT NULL,
  `query` varchar(2000) DEFAULT NULL,
  `phone` varchar(100) DEFAULT NULL,
  `email` varchar(100) DEFAULT NULL,
  `messages` text DEFAULT NULL,
  `status` varchar(50) DEFAULT NULL
) ENGINE=MyISAM DEFAULT CHARSET=latin1;

--
-- Dumping data for table `contactUsPageEnquiry`
--

INSERT INTO `contactUsPageEnquiry` (`id`, `fname`, `lname`, `query`, `phone`, `email`, `messages`, `status`) VALUES
(1, 'Dharmraj', 'Kumar', 'what is your query?', '7033874677', 'whyshydeveloper@gmail.com', 'hello', 'active');

-- --------------------------------------------------------

--
-- Table structure for table `gallery`
--

CREATE TABLE `gallery` (
  `id` int(11) NOT NULL,
  `img` varchar(5000) DEFAULT NULL,
  `img_categ` varchar(50) DEFAULT NULL,
  `img_name` varchar(5000) DEFAULT NULL,
  `status` varchar(500) DEFAULT NULL
) ENGINE=MyISAM DEFAULT CHARSET=latin1;

--
-- Dumping data for table `gallery`
--

INSERT INTO `gallery` (`id`, `img`, `img_categ`, `img_name`, `status`) VALUES
(5, 'dks-1616134804.PNG', '3', 'title', 'active');

-- --------------------------------------------------------

--
-- Table structure for table `gallery_category`
--

CREATE TABLE `gallery_category` (
  `id` int(10) NOT NULL,
  `g_category_name` varchar(500) DEFAULT NULL,
  `g_code` varchar(5000) DEFAULT NULL,
  `status` varchar(100) DEFAULT NULL
) ENGINE=MyISAM DEFAULT CHARSET=latin1;

--
-- Dumping data for table `gallery_category`
--

INSERT INTO `gallery_category` (`id`, `g_category_name`, `g_code`, `status`) VALUES
(1, 'Commercial', 'TST1', 'active'),
(2, 'Construction', 'CON2', 'active'),
(3, 'Residential', 'RES3', 'active');

-- --------------------------------------------------------

--
-- Table structure for table `g_category`
--

CREATE TABLE `g_category` (
  `id` int(10) NOT NULL,
  `g_category_name` varchar(500) DEFAULT NULL,
  `g_code` varchar(5000) DEFAULT NULL,
  `status` varchar(100) DEFAULT NULL
) ENGINE=MyISAM DEFAULT CHARSET=latin1;

--
-- Dumping data for table `g_category`
--

INSERT INTO `g_category` (`id`, `g_category_name`, `g_code`, `status`) VALUES
(2, 'Bridal Makeup', 'BRI2', 'active'),
(3, 'Party HD Makeup', 'PAR3', 'active'),
(4, 'Photoshoot Makeup', 'PHO4', 'active'),
(5, 'Fashion Makeup dks', 'FAS5', 'deactive');

-- --------------------------------------------------------

--
-- Table structure for table `home_page_marquee`
--

CREATE TABLE `home_page_marquee` (
  `id` int(5) NOT NULL,
  `message` varchar(5000) DEFAULT NULL
) ENGINE=InnoDB DEFAULT CHARSET=latin1;

--
-- Dumping data for table `home_page_marquee`
--

INSERT INTO `home_page_marquee` (`id`, `message`) VALUES
(1, 'message');

-- --------------------------------------------------------

--
-- Table structure for table `job_enquiry`
--

CREATE TABLE `job_enquiry` (
  `id` int(10) NOT NULL,
  `job_id` varchar(50) DEFAULT NULL,
  `name` varchar(1000) DEFAULT NULL,
  `email` varchar(50) DEFAULT NULL,
  `phone` varchar(50) DEFAULT NULL,
  `message` text DEFAULT NULL,
  `resume` varchar(1000) DEFAULT NULL,
  `post_date` int(50) DEFAULT NULL,
  `status` varchar(50) DEFAULT NULL
) ENGINE=InnoDB DEFAULT CHARSET=utf8mb4;

-- --------------------------------------------------------

--
-- Table structure for table `job_post`
--

CREATE TABLE `job_post` (
  `id` int(10) NOT NULL,
  `job_title` varchar(5000) DEFAULT NULL,
  `url` varchar(2000) DEFAULT NULL,
  `job_code` varchar(100) DEFAULT NULL,
  `qualification` varchar(1000) DEFAULT NULL,
  `experience` varchar(1000) DEFAULT NULL,
  `job_details` text DEFAULT NULL,
  `post_date` varchar(50) DEFAULT NULL,
  `meta_title` varchar(2000) DEFAULT NULL,
  `meta_desc` text DEFAULT NULL,
  `meta_keywords` text DEFAULT NULL,
  `additionInfo` text DEFAULT NULL,
  `status` varchar(20) DEFAULT NULL
) ENGINE=InnoDB DEFAULT CHARSET=utf8mb4;

--
-- Dumping data for table `job_post`
--

INSERT INTO `job_post` (`id`, `job_title`, `url`, `job_code`, `qualification`, `experience`, `job_details`, `post_date`, `meta_title`, `meta_desc`, `meta_keywords`, `additionInfo`, `status`) VALUES
(8, 'Job Title dks', 'job-title-dks', 'REG842121', 'Qualification dks', 'Experience dks', '<p>Job Details dks</p>\r\n', '20-Mar-2021', 'Job Title dks', 'Meta Description dks', 'Meta Keywords dks', '<p>Additional Information dks</p>\r\n', 'active');

-- --------------------------------------------------------

--
-- Table structure for table `kitchens`
--

CREATE TABLE `kitchens` (
  `id` int(10) NOT NULL,
  `title` varchar(2000) DEFAULT NULL,
  `url` varchar(2050) DEFAULT NULL,
  `sub_title` varchar(2000) DEFAULT NULL,
  `details` text DEFAULT NULL,
  `main_img` varchar(500) DEFAULT NULL,
  `icon_img` varchar(200) DEFAULT NULL,
  `banner_img` varchar(1000) DEFAULT NULL,
  `menu_img` varchar(1000) DEFAULT NULL,
  `meta_title` varchar(1000) DEFAULT NULL,
  `meta_desc` varchar(1000) DEFAULT NULL,
  `meta_keywords` varchar(5000) DEFAULT NULL,
  `show_on_home_page` varchar(20) DEFAULT NULL,
  `status` varchar(100) DEFAULT NULL
) ENGINE=InnoDB DEFAULT CHARSET=utf8mb4;

--
-- Dumping data for table `kitchens`
--

INSERT INTO `kitchens` (`id`, `title`, `url`, `sub_title`, `details`, `main_img`, `icon_img`, `banner_img`, `menu_img`, `meta_title`, `meta_desc`, `meta_keywords`, `show_on_home_page`, `status`) VALUES
(4, 'L Shaped Kitchen', 'l-shaped-kitchen', 'L Shaped Modular Kitchens | Modular Kitchens in Gurgaon | Kitchen in Delhi', '<p>Star Kitchens &amp; Interiors is a leading manufacturer and trader of various kinds of modular kitchens such as L-Shaped Kitchens. With our support, you can freely choose your favourite type of L-Shaped modular kitchens in Gurgaon and its nearby areas such as Delhi, Noida, Faridabad, and Ghaziabad. As a leading&nbsp;<strong>L-Shaped modular kitchen manufacturer,</strong>&nbsp;we are capable to offer you the best designs along with sturdy fitting materials. Along with this, we take care to design the modules in an effective way to serve you with excellence.</p>\r\n\r\n<p>L-Shaped Modular kitchens are highly demanded because they utilize even the small spaces to provide the best cooking experience. There are two countertops in which one is shorter and another one is longer. As the best L-Shaped modular kitchen supplier, we can integrate the best kitchen designs to offer you the excellent L-Shaped modular kitchen designs. Our expert designers will always be there to provide you with the customized kitchen solutions. We will make sure to offer the versatile services for your L-shaped kitchen once you hire us for your work.<br />\r\n<br />\r\nDepending on your requirements, our expert designers design the best structures to fulfill all your needs. Working as the most expert L-shaped modular kitchen dealers, we have helped numerous clients with our expert services. We have developed various kinds of L-shaped kitchens for different types of kitchen spaces. So, whatever your needs are, we will serve you too with your desired services. We have a good expertise as an L-shaped modular kitchen manufacturer Gurgaon. Also, the designing and integration staff works with the most advanced tactics to provide the clients with the most satisfactory services.<br />\r\n<br />\r\nWe will design the best L-shaped kitchen that will offer you a great working triangle. As the best firm in this domain, we have all the arrangements to provide you with the most impressive L-shaped kitchens at affordable prices. You just have to give us your requirements, we will be there to help you with our best services. Feel free to get in touch with us to know more.</p>\r\n', '16095680523.jpg', 'icon-160956805205.jpg', 'banner-1609909656.jpg', '', 'meta title', 'Meta Description', 'Meta Keywords', 'yes', 'active'),
(5, 'U Shaped Kitchen', 'u-shaped-kitchen', 'U Shaped Modular Kitchen Manufacturer, Dealer, Trader in Gurgaon, Delhi, Noida, Ghaziabad, Faridabad', '<p>Star Kitchens and Interiors is a leading manufacturer and trader of U Shaped modular kitchens in Gurgaon and its nearby areas including Delhi, Noida, Faridabad, and Ghaziabad. We are helping our clients to have the best U shaped kitchens that utilize the maximum wall space and free up floor space. By designing your kitchen in a U shaped design, we integrate spacy storage and working areas for you. Serving as the best&nbsp;<strong>U-shaped modular kitchen manufacturer</strong>, we are helping our clients to experience the unmatched services at affordable prices.</p>\r\n\r\n<p>A U Shaped kitchen can easily be designed in different configurations. So, to design the best one for you, we assign the expert designing staff for you. After fully observing your needs, available space, and various other things, we try to develop customized solutions for you. As the best&nbsp;<strong>U-shaped modular kitchen dealer Gurgaon</strong>, we have the best tactics and tools to design the most suitable kitchen designs for you. Along with this, we fulfil all your demands for the finishing materials. Whether you want your kitchens to be finished with any type of material, we will make sure to use the same material.<br />\r\n<br />\r\nAs the most popular&nbsp;<strong>U-shaped modular kitchen supplier Delhi</strong>, we are committed to producing quality services and great solutions to satisfy our clients. Star Kitchens &amp; Interiors gives you the kitchen designs that make it simple to facilitate easy handling of various kitchen appliances. We have served numerous clients with these services and fulfilled all their desires. Whatever your needs are, we will serve you with expert services at affordable prices.<br />\r\n<br />\r\nWhether you need a simple or an unusual U shaped kitchen, we can provide you with your desired solutions once you hire as your&nbsp;<strong>U-shaped modular kitchen traders Delhi</strong>. Our services are developed to the most advanced solutions to the clients at unbelievable prices. Just tell us your requirements and we will be there to help you with everything. Feel free to get in touch with us to know more about our services.</p>\r\n\r\n<p>&nbsp;</p>\r\n', '16095681641.jpg', 'icon-160956816403.jpg', 'banner-1609909695.jpg', NULL, '', '', '', 'yes', 'active'),
(6, 'G Shaped Kitchen', 'g-shaped-kitchen', 'G Shape Kitchen designs | G Shape Kitchen in Gurgaon, Delhi, Noida, Ghaziabad, Faridabad', '<p>Star Kitchens &amp; Interiors is a leading manufacturer of G Shaped kitchens in Gurgaon, Noida, Delhi, Faridabad, and Ghaziabad. Offering the most attractive and modern G Shaped kitchen designs, we allow our clients to utilize most of their kitchen spaces with this unique modular kitchen style. As per your needs, we can provide you with the most suitable&nbsp;<strong>G shape kitchen</strong>&nbsp;designs and installation services. We know that the demands for these modular kitchens are increasing day by day. In order to fulfill those demands and design the best G Shaped kitchens, we are working with our excellent staff. They are always ready to provide the clients with the unmatched&nbsp;<strong>g shape kitchen design.</strong></p>\r\n\r\n<p>Once the designing process is completed, we also make sure to give the best support for the installation works. Fulfilling your needs with the best quality build materials and attractive designs, we give the most attractive finishing touch to your kitchens. We have worked for numerous clients and serve them the most effective&nbsp;<strong>G shape kitchen with breakfast counter</strong>. By utilizing the maximum floor and wall space of your kitchen, we develop the best G shaped kitchen designs for you.<br />\r\n<br />\r\nBefore performing any designing step, we understand the needs of our clients. Also, we assign the best planning and designing experts to develop the initial plans for your G shaped kitchens. After fully considering your needs and other crucial things, we start working for your&nbsp;<strong>g shape modular kitchen</strong>. Once each designing work is finalized, we utilize the best tools and tactics for the installation works too. Our expert services for G shaped modular kitchens are highly appraised by each client for which we have worked.<br />\r\n<br />\r\nIf you are looking for the most attractive&nbsp;<strong>g shape modular kitchen design</strong>, you can choose us to do your project too. We will make sure to fulfil all your demands for the best G shaped kitchens at affordable prices. To know more about our service and pricing plans, feel free to get in touch with us anytime.</p>\r\n\r\n<p>&nbsp;</p>\r\n', '160956828011.jpg', 'icon-160956828002.jpg', 'banner-1609909716.jpg', NULL, '', '', '', 'yes', 'active'),
(7, 'Inline Shaped Kitchen', 'inline-shaped-kitchen', 'In Line Modular Kitchen | Modular Kitchen Manufacturer Gurgaon, Delhi, Faridabad', '<p>Star Kitchens &amp; Interiors is one of the leading firms offering the most impressive Inline modular kitchen services to the clients in Gurgaon and all its nearby areas. If you are looking for someone to design and install the best inline modular kitchen for you, we are best to choose. Providing you the uncluttered and modern inline kitchens, we are always ready to give your kitchens a straight and sleek outlook. As a leading&nbsp;<strong>In line modular kitchens manufacturer</strong>, we develop the best modular designs by taking the latest trends in our considerations. After fully understanding your requirements, we provide you with customized solutions that result in your guaranteed satisfaction.</p>\r\n\r\n<p>The In-line kitchens are best for open or long sized kitchens. So, as&nbsp;<strong>leading in line modular kitchen supplies</strong>, we always make sure to use the best materials and designing tactics to develop the best designs for you. Depending on the available space, approached designs, and space requirements, our expert designers always make sure to develop the most suitable plans for you. Providing you with extensive working areas and stylish designs, we are capable to give your kitchen a creative and modern feel.<br />\r\n<br />\r\nAs a leading&nbsp;<strong>in line kitchen supplier Gurgaon</strong>, we utilize the best quality materials to install your approached in line kitchen. Whether you choose any type of finishing material, we have all types of services to fulfill all your desires. Gloss painted, wood effect, smooth matt, and various other options are available for the finishing. Our services as the best&nbsp;<strong>inline modular kitchen trader Delhi</strong>&nbsp;are highly recognized. Once you choose us to do your work, we will make sure to satisfy all your needs with our expert solutions.<br />\r\n<br />\r\nBy assigning the professional designers for your work, we always try to help our clients with everything they demand from us. You can surf our gallery and see how we have served our clients with different types of modular kitchens including inline kitchen styles. To know more about our services, you can connect with us anytime you want.</p>\r\n', '1609568388k1.jpg', 'icon-160956838804.jpg', NULL, NULL, '', '', '', 'yes', 'active'),
(8, 'Island Shaped Kitchen', 'island-shaped-kitchen', 'Island Modular Kitchen | Modular Kitchen Manufacturer in Gurgaon, Delhi, Faridabad, Noida, Ghaziabad', '<p>Star Kitchens &amp; Interiors is a leading firm providing the most advanced services as an Island modular kitchen manufacturer and trader. We are helping our clients to receive the most advanced services for amazing island kitchen designing and installation in Gurgaon and its bounded areas such as Noida, Delhi, Faridabad, and Ghaziabad. Allowing our clients to have an amazing freestanding piece placed in their kitchen, we develop the best island modular kitchen designs for them. Working as the top&nbsp;<strong>island modular kitchens manufacturer</strong>, our services are developed to satisfy all the desires of our clients.</p>\r\n\r\n<p>The island can easily be used as an additional workstation or a breakfast space. Whatever your needs, we take care to consider all of them while designing your island modular kitchens for you. We are active as the best&nbsp;<strong>island modular kitchen trader Gurgaon</strong>. Because of this, we allow our customers to have the best island modular kitchens installed using various kinds of materials. As per your needs, we can utilize wood, granite, marble, or any other luxury material to develop your island kitchen. Whether you have a little or vast kitchen space, our expert designers will develop the best working plan for you. Once each designing work is finished, we take care to install the desired kitchen spaces effectively.<br />\r\n<br />\r\nTo perform all these designing and integration tasks, we put extreme efforts with the help of our industry experts. Our services as the best&nbsp;<strong>island kitchen suppliers Delhi</strong>&nbsp;are highly recognized. We are capable to fulfill any of your special requirements with our advanced solutions. Whether you need any shape, style, or type of island kitchen for you, we will design the most appropriate structural plans for you. With our customizable solutions, we give you expert support to get the kitchen that you dreamed of. As the best island modular kitchens dealers Gurgaon, we have the advanced facilities that no other firm in this domain can provide to you. To know briefly about our services are pricing plans, feel free to get in touch with us.</p>\r\n', '1609568530k11.jpg', 'icon-160956853001.jpg', 'banner-1609909742.jpg', NULL, '', '', '', 'no', 'active'),
(9, 'Parallel Shaped Kitchen', 'parallel-shaped-kitchen', 'Parallel Modular Kitchen Manufacturer| Modular Kitchen Gurgaon | Latest Kitchen Design in Gurgaon', '<p>Star Kitchens &amp; Interiors is a leading manufacturer and traders of the Parallel kitchens. We allow our clients to choose the best parallel kitchen designs at affordable prices in Gurgaon and its bounded areas including Noida, Delhi, Faridabad, and Ghaziabad.</p>\r\n\r\n<p>The Parallel modular kitchen designs are best for kitchens with longitudinal areas. The kitchen arrangements are done in a way that both kitchen spaces stand parallel to each other. Both parallel walls are equipped with the kitchen components and working areas in this kitchen designing scheme. Star Kitchens &amp; interiors is helping its clients with the best services as a popular&nbsp;<strong>parallel modular kitchen manufacturer</strong>. We are capable of providing you with the best parallel kitchen designs and installation services. We provide you with the parallel kitchens that give an organized look and extensive spaces to do your desired cooking works.<br />\r\n<br />\r\nUsing the best quality material and expert designing strategies, we always make sure to fulfill your demands with our advanced solutions. Working as a leading&nbsp;<strong>parallel modular kitchen supplier Gurgaon</strong>, we install the best parallel kitchens in your desired spaces at affordable prices. Our customized designing solutions take care of your demands and special requirements. We help you to receive the unmatched services that help you to find your desired parallel kitchen easily. Along with this, we make all the parallel modular kitchen parts with high-quality materials such as wood, granite, marble, or tile. You are free to choose your desired materials just by telling us your needs.<br />\r\n<br />\r\nAs the best&nbsp;<strong>parallel modular kitchen traders Delhi</strong>, we give you classy and sleek designs that offer excellent cooking experience. Also, we take care to do effective space management while designing your modular kitchens. Providing you ample storage spaces and wide cooking areas, we make proper use of available space in your kitchen. Our services are a popular parallel modular kitchen supplier Gurgaon are highly appraised by all of our clients. If you are also looking for the best firm for you in this domain, you are free to connect with us anytime.</p>\r\n\r\n<p>&nbsp;</p>\r\n', '1609568627kk1.jpg', 'icon-160956862706.jpg', 'banner-1609909810.jpg', NULL, '', '', '', 'no', 'active'),
(10, 'Italian Shaped Kitchen', 'italian-shaped-kitchen', 'Italian Modular Kitchen| Modular Kitchen Manufacturer in Gurgaon', '<p>Star Kitchens &amp; Interiors is a leading modular kitchen manufacturer in Gurgaon providing expert services for Italian Modular kitchens. Providing you with the most attractive designs and world-class installation materials, we are always committer to satisfy all your desires. We design, manufacture, and install various kinds of Italian kitchens using a different kinds of materials. Depending on your requirements and budgets, we offer the most suitable&nbsp;<strong>Italian kitchen</strong>&nbsp;designs that suit your style. By importing the best installation materials from Italy, our main motto is to give a signature Italian look to your kitchen.</p>\r\n\r\n<p>Whether you need any style, shape, or size of a modular kitchen, we are always ready to give our excellent support to you. Using the finest quality chipboard material, we ensure a fast designing and installation work that can facilitate you with the most advanced offerings. We manufacture different kinds of carcasses and shutter finishes depending on your needs. Giving the most effective&nbsp;<strong>Italian modular kitchen</strong>&nbsp;designs to our clients, we offer the services which no other firm can provide to you. All of our solutions are backed by industry experts who are always prepared to offer excellent services. Our staff is expert in handling any type of Italian modular kitchen project of any size.<br />\r\n<br />\r\nWe have served numerous clients as a leading&nbsp;<strong>Italian kitchen manufacturer</strong>&nbsp;in Gurgaon. Using sleek and modern materials, we give an impeccable finishing to your kitchens using our best-in-quality staff. Providing various accessories and fittings, we cover the high-quality cabinets and hardware as per your needs. Using the best designing and installation tools, our main motto is to finalize your project in short time frames under affordable prices. Along with this, we never compromise with the quality of services whatever your needs and budgets are.<br />\r\n<br />\r\nHiring us to install your Italian modular kitchens will be a good decision if you want expert support for this. We have collected a vast recognition for our best Italian kitchen in Gurgaon. You can contact us anytime and tell us your requirements. We will be there to help you with our advanced solutions.</p>\r\n\r\n<p>&nbsp;</p>\r\n', 'main-1610100328.jpg', '', 'banner-1609909849.jpg', 'menu-1610100282.jpg', '', '', '', 'yes', 'active'),
(11, 'German Shaped Kitchen', 'german-shaped-kitchen', 'German Modular Kitchen | Modular Kitchen Manufacturer In Gurgaon – Star Kitchens & Interiors', '<p>Star Kitchens &amp; Interiors is a leading manufacturer and trader firm offering excellent services for German modular kitchens. We are allowing our clients to have the best quality and attractive German modular kitchens in Gurgaon. Along with great designs and finishing, we also take care of the quality of the services. Offering the best solutions for the&nbsp;<strong>German kitchen</strong>, we are capable to import the installation material from Germany and then install it in your desired kitchen spaces.</p>\r\n\r\n<p>Along with this, we allow our clients to get their desired types of kitchens designed by industry experts. The best quality material and advanced designing tactics can easily be utilized to receive your desired modular kitchen solutions.<br />\r\n<br />\r\nYou will get the most beautiful and well-organized sliding and work units with your German modular kitchens. The modern designs and vast kitchen spaces are some special offerings of our&nbsp;<strong>German modular kitchen</strong>&nbsp;designs. We use the best quality material to build your desired kitchens effectively. By keeping kitchen space, budgets, and special requirements in our considerations, we develop the best working plans and designs for our clients. Along with the superior product quality, we promise the best installation services to serve you with the hassle-free services.<br />\r\n<br />\r\nOur 100% customizable services will definitely help you to achieve your desired levels of satisfaction. Sleek designs and useful kitchen accessories will come along with your German modular kitchen. Also, we make sure to provide you with the maximum cooking spaces too. Each module will be designed as per your requirements. In other words, we will help you with everything once you choose as your&nbsp;<strong>German kitchen manufacturer.</strong><br />\r\n<br />\r\nWe are working for the maximum levels of client satisfaction. With the same approach, we have served numerous clients by helping them to get the most beautiful&nbsp;<strong>German modular kitchen in Gurgaon.</strong>&nbsp;No other firm is going to provide you the excellent services as we are doing. Just give us your requirements and we will serve you with the most suitable services. Get in touch with us to know more about us.</p>\r\n', 'main-1610100521.jpg', '', 'banner-1609909888.jpg', 'menu-1610100521.jpg', '', '', '', 'no', 'active');

-- --------------------------------------------------------

--
-- Table structure for table `kitchens_faqs`
--

CREATE TABLE `kitchens_faqs` (
  `id` int(10) NOT NULL,
  `kitchen_id` varchar(100) DEFAULT NULL,
  `question` varchar(3000) DEFAULT NULL,
  `answer` varchar(5000) DEFAULT NULL,
  `status` varchar(50) DEFAULT NULL
) ENGINE=InnoDB DEFAULT CHARSET=utf8mb4;

--
-- Dumping data for table `kitchens_faqs`
--

INSERT INTO `kitchens_faqs` (`id`, `kitchen_id`, `question`, `answer`, `status`) VALUES
(2, '11', 'Question', 'Answer', 'active'),
(4, '10', 'Question', 'answer', 'active');

-- --------------------------------------------------------

--
-- Table structure for table `kitchens_gallery`
--

CREATE TABLE `kitchens_gallery` (
  `id` int(10) NOT NULL,
  `kitchen_id` varchar(200) DEFAULT NULL,
  `file_name` varchar(1000) DEFAULT NULL,
  `status` varchar(50) DEFAULT NULL
) ENGINE=InnoDB DEFAULT CHARSET=utf8mb4;

--
-- Dumping data for table `kitchens_gallery`
--

INSERT INTO `kitchens_gallery` (`id`, `kitchen_id`, `file_name`, `status`) VALUES
(5, '11', '11-1609569329german-shaped1.jpg', 'active'),
(6, '11', '11-1609569332german-shaped2.jpg', 'active'),
(7, '11', '11-1609569336german-shaped3.jpg', 'active'),
(8, '10', '10-1609569411italian-shaped1.jpg', 'active'),
(9, '10', '10-1609569414italian-shaped2.jpg', 'active'),
(10, '10', '10-1609569418italian-shaped3.jpg', 'active'),
(11, '9', '9-1609569485parallel-shaped4.jpg', 'active'),
(12, '9', '9-1609569493parallel-shaped3.jpg', 'active'),
(13, '9', '9-1609569497parallel-shaped2.jpg', 'active'),
(14, '9', '9-1609569500parallel-shaped1.jpg', 'active'),
(15, '8', '8-1609569862.jpg', 'active'),
(16, '8', '8-1609570075.jpg', 'active'),
(17, '8', '8-1609570078.jpg', 'active'),
(18, '7', '7-1609570120.jpg', 'active'),
(20, '7', '7-1609570224.jpg', 'active'),
(21, '7', '7-1609570228.jpg', 'active'),
(22, '6', '6-1609570284.jpg', 'active'),
(23, '6', '6-1609570287.jpg', 'active'),
(24, '6', '6-1609570290.jpg', 'active'),
(25, '6', '6-1609570293.jpg', 'active'),
(26, '5', '5-1609570361.jpg', 'active'),
(27, '5', '5-1609570364.jpg', 'active'),
(28, '5', '5-1609570366.jpg', 'active'),
(29, '5', '5-1609570369.jpg', 'active'),
(30, '4', '4-1609570406.jpg', 'active'),
(31, '4', '4-1609570409.jpg', 'active'),
(32, '4', '4-1609570412.jpg', 'active');

-- --------------------------------------------------------

--
-- Table structure for table `kitchen_designers`
--

CREATE TABLE `kitchen_designers` (
  `id` int(10) NOT NULL,
  `title` varchar(2000) DEFAULT NULL,
  `url` varchar(2050) DEFAULT NULL,
  `sub_title` varchar(2000) DEFAULT NULL,
  `details` text DEFAULT NULL,
  `main_img` varchar(500) DEFAULT NULL,
  `banner_img` varchar(1000) DEFAULT NULL,
  `meta_title` varchar(1000) DEFAULT NULL,
  `meta_desc` varchar(1000) DEFAULT NULL,
  `meta_keywords` varchar(5000) DEFAULT NULL,
  `status` varchar(100) DEFAULT NULL
) ENGINE=InnoDB DEFAULT CHARSET=utf8mb4;

--
-- Dumping data for table `kitchen_designers`
--

INSERT INTO `kitchen_designers` (`id`, `title`, `url`, `sub_title`, `details`, `main_img`, `banner_img`, `meta_title`, `meta_desc`, `meta_keywords`, `status`) VALUES
(3, 'Kitchen Designs', 'modular-kitchen-designs', 'Modular Kitchen Designs | Modular Kitchen Design in Gurgaon & Delhi | kitchen designs', '<p>Star Kitchens and Interiors is providing you with the latest and well-developed kitchen designs in Gurgaon. Helping you to build your kitchens in your desired ways, we offer the best designing and installation support to our clients. Whether you need a simple or highly modern kitchen design, we have all the facilities to fulfil your demands. We are covering most of the latest modular kitchen designs under our services.</p>\r\n\r\n<p>Also, we allow our customers to get customizable solutions for kitchen designs. Some of the popular modular kitchen designs available are as follows.<br />\r\n&bull;&nbsp;L Shaped kitchen<br />\r\n&bull;&nbsp;U Shaped Kitchen<br />\r\n&bull;&nbsp;G Shaped Kitchen<br />\r\n&bull;&nbsp;Inline Kitchen<br />\r\n&bull;&nbsp;Island Shaped Kitchen<br />\r\n&bull;&nbsp;Parallel Shaped Kitchen<br />\r\n&bull;&nbsp;Italian &amp; German styled Kitchen</p>\r\n\r\n<p>We are capable to design and install any type of personalized kitchen setup as per your requirements. Whether you need L shape kitchen design or any other trending shape and style, we are capable to give you the unmatched support at unmatched prices. We make sure to provide you with maximum storage and cooking areas along with the well-organized spaces for other cooking accessories. Whether they are closets, sinks, cooking stations, or anything else, we take each thing in considerations before offering your support.</p>\r\n\r\n<p>Some complex kitchen types such as G Shaped and U shape kitchen design are not easy to implement. Also, they are highly expensive. But, when you choose us to get your desired kitchen design, we give you the best support at affordable prices. Our expert staff will be there to design the best sort of kitchens for you. Well-organized designing strategies and expert installation tactics are great if you are looking for the best kitchen design solutions in Gurgaon and its nearby areas.</p>\r\n\r\n<p>The kitchen designing services are backed by industry experts who are having a huge experience in the designing field. After fully understanding your requirements, they provide you with the best kitchen designs that suit your styles. To know more about our services and pricing plans, feel free to get in touch with us anytime.</p>\r\n', '16094896711-3.jpg', '1609754212.jpg', '', '', '', 'active'),
(4, 'Wardrobe Designs', 'modular-wardrobe-designs', 'Latest Modular Wardrobe Designs in Gurgaon, Delhi, Noida, Ghaziabad, Faridabad', '<p>Star Kitchen and Interiors is offering great wardrobe designs after fully understanding the needs of clients. We are covering all types of wardrobe designs under our services. Including the walk-in closet, sliding door, and openable shutter&nbsp;<strong>wardrobe design</strong>, we are capable to give you the customizable solutions at affordable prices. As compared to any other firm in this domain, we are capable to facilitate you with the most suitable and sleek wardrobe designs in Gurgaon, Delhi, Noida, Ghaziabad, and Faridabad.</p>\r\n\r\n<p>We are capable to give you the best wardrobe designs in different combinations as per your requirements. You can freely pick and choose any style for your wardrobe with us. Along with the modules, doors, and other additional accessories, you are always free to choose your desired wardrobe features as per your needs. Our excellent&nbsp;<strong>modular wardrobe design</strong>&nbsp;allows you to utilize the maximum available space effectively. Whether you want a wardrobe with sliding doors or a shutter, we can include your desired features into the design in an effective and well-organized manner.</p>\r\n\r\n<p>We can effectively design small or large storage spaces to facilitate you with excellent services. These amazing wardrobes can easily be installed in your desired locations by utilizing the free spaces effectively. Whether you need a&nbsp;<strong>walk-in closet design</strong>&nbsp;or any other design, we are capable to offer you the excellent services. With our expert solutions, we help you to enhance the beauty of your interiors. Along with this, all these solutions are available at affordable prices to facilitate you more.</p>\r\n\r\n<p>We are experts in developing the most effective&nbsp;<strong>sliding door wardrobe design</strong>&nbsp;for you. These wardrobes come in sleek and stylish designs along with easy opening and closing operations. Also, you can utilize these closets for any purpose without any hassle. Offering the best wardrobe designs to our clients, we are covering the&nbsp;<strong>openable shutter wardrobe design</strong>&nbsp;facilities under our solutions. You can easily choose us to develop wardrobe styles that can suit your needs. To know more about our services, feel free to get in touch with us anytime</p>\r\n', '16094898491-3.jpg', '1609822087.jpg', '', '', '', 'active'),
(5, 'LCD Panel Design', 'lcd-panel-design', 'Latest Modern LCD Panel Designs in Gurgaon, Delhi, Noida, Ghaziabad, Faridabad', '<p>Star Kitchens &amp; Interiors is providing you with the most stylish and modern LCD panel designs at affordable prices. Making your LCD panels amazingly attractive and organized, we are capable to design them in highly professional manners for our clients. Also, we are capable to install them in well-planned manners at affordable prices. We are working as a leading firm offering the best&nbsp;<strong>LCD panel designs</strong>&nbsp;in Delhi, Gurgaon, Noida, Ghaziabad, and Faridabad.</p>\r\n\r\n<p>Whether you want an excellent LCD panel at any place in your house, our expert designers are always ready to develop the most effective designs for you.</p>\r\n\r\n<p>We can integrate the most stylish modules in your tv units to help it look highly attractive. Whether you want an LCD panel design in any style, size, or shape, we can develop the best solutions for you. You just have to give us your requirements and we will be ready with our expert solutions for you. Using the best quality materials and great finishing tactics, we give smooth outlooks to these panels. Using our excellent installation tools and materials, our main motto is to always give the clients the maximum levels of satisfaction. Giving the best TV panel design and installation support to our clients, we offer these services at the most affordable prices.</p>\r\n\r\n<p>Whether you need a classic panel that can match with your existing furniture and interiors or a stylish design to enhance the overall beauty of your house, we have all the solutions for you. We will suggest you the most suitable designs after fully understanding your needs, budgets, and the approached locations. Our modern TV Panel designs are unmatched and developed using the best quality materials. Using wooden, glass, granite, and various other types of materials, we offer the excellent LCD panel designs to our clients as per their needs.</p>\r\n\r\n<p>Our modern LCD panel will surely satisfy your needs once you choose us as your firm. Just give us your requirements and we will assign the best industry expert to work for you.</p>\r\n', '16094901051-3.jpg', '1609822228.jpg', '', '', '', 'active'),
(6, 'Vanity Design', 'vanity-design', 'Latest Modular Bathroom Vanity Designs in Gurgaon, Delhi, Noida, Ghaziabad, Faridabad', '<p>Star Kitchens &amp; Interiors is a leading firm providing the best bathroom vanity design services at affordable prices. We can enhance the beauty of your bathrooms by adding an attractive vanity that suits your styles. Offering excellent&nbsp;<strong>vanity designs</strong>&nbsp;with customizable solutions, we are serving our clients in Gurgaon, Delhi, Noida, Ghaziabad, and Faridabad. Our expert vanity designers are always ready to fulfil all the demands of clients by designing the most suitable and stylish vanities for them. Whether you are looking for an open or attached vanity with your bathroom, we take suitable actions to develop the plan that can satisfy your requirements.</p>\r\n\r\n<p>Whether you need a vanity made of PVC, wooden, granite, or any other material, we can give you the same in an effective manner. We are experts in designing floor rested or wall mounted&nbsp;<strong>bathroom vanity designs</strong>&nbsp;for you. After the designing works, we are capable to give you the best installation support for these vanities. By fully understanding the needs of our clients, we develop the best solutions that can give the best outputs from their budget, space, and other resources.</p>\r\n\r\n<p>Our well-experienced designers will always be there to listen to your special requirements. Just tell us the type of vanity you want and we will design and install the same thing for you. Providing a range of&nbsp;<strong>modern bathroom vanity designs</strong>, we are capable to handle any type of designing works under our expert services. By taking care of your comfort, style, and requirements, we give excellent support to our clients for each type of vanity designing works.<br />\r\nWe will take care of everything once you choose us to design your bathroom vanities.</p>\r\n\r\n<p>At the most affordable prices, we are serving all our clients with unmatched services. Working with our expert designing and development staff, we keep every little thing in our consideration before taking any step related to your&nbsp;<strong>modern vanity design</strong>. To know more about our services and designing costs, feel free to get in touch with us anytime.</p>\r\n', '16094901611-3.jpg', '1609822270.jpg', '', '', '', 'active'),
(7, 'Office Furniture', 'office-furniture', 'Modular Office Furniture, Office Workstations & Furniture Gurgaon', '<p>Star Kitchens &amp; Interiors is a leading office furniture manufacturer and supplier in Gurgaon and Delhi. Helping the clients to make their work-spaces fully organized and professional, we are always ready with our expert solutions. Whether it is designing, installation, or any other thing related to your office furniture, we can develop the most advanced solutions for you.</p>\r\n\r\n<p>Depending on the requirements or our clients and the budgets, we develop suitable plans and organize the best furniture that can fulfil all their desires. As the best office furniture dealer, we are capable to provide you with any type of office furniture at affordable prices. Our expert services are highly appraised by all of our clients. Providing the most beautiful and professional office furniture in Gurgaon, we have worked for numerous clients in this area. Every time we work for any clients, we take care to understand and satisfy all their needs properly.</p>\r\n\r\n<p>As one of the best manufacturers of modular office furniture in Gurgaon, we are helping lots of businesses to improve their work environments in a proper manner. Whether it is an office workstation, workbenches, chairs, or anything else, we cover each office asset under our expert services.</p>\r\n\r\n<p>We take each little thing in our considerations while designing and installing your office furniture. Whether it is your industry, requirements, or the number of assets, our staff will be there to help you in getting the most suitable office furniture at affordable prices. Whether you are having a small or huge office furniture project for us, we are always prepared to give you the desired solutions. Our office furniture in Delhi is known for the best quality and build materials.</p>\r\n\r\n<p>We are well-connected with various huge firms worldwide. With these extensive networks, we are capable to fulfil all your needs without any hassle. Once you connect with us, we will understand your requirements and then offer you the unmatched support of industry experts. Just tell them your needs and get everything done in your desired way. Get in touch with us to know more.</p>\r\n', '16094902081-3.jpg', '1609822302.jpg', 'Meta Title', 'Meta Description', '', 'active');

-- --------------------------------------------------------

--
-- Table structure for table `kitchen_designers_faq`
--

CREATE TABLE `kitchen_designers_faq` (
  `id` int(10) NOT NULL,
  `design_id` varchar(100) DEFAULT NULL,
  `question` varchar(3000) DEFAULT NULL,
  `answer` varchar(5000) DEFAULT NULL,
  `status` varchar(50) DEFAULT NULL
) ENGINE=InnoDB DEFAULT CHARSET=utf8mb4;

--
-- Dumping data for table `kitchen_designers_faq`
--

INSERT INTO `kitchen_designers_faq` (`id`, `design_id`, `question`, `answer`, `status`) VALUES
(2, '6', 'Question', 'sds', 'deactive'),
(3, '6', 'rer', 'rer', 'active');

-- --------------------------------------------------------

--
-- Table structure for table `kitchen_designers_gallery`
--

CREATE TABLE `kitchen_designers_gallery` (
  `id` int(10) NOT NULL,
  `kitchen_designers_id` varchar(1000) DEFAULT NULL,
  `file_name` varchar(1000) DEFAULT NULL,
  `status` varchar(50) DEFAULT NULL
) ENGINE=InnoDB DEFAULT CHARSET=utf8mb4;

--
-- Dumping data for table `kitchen_designers_gallery`
--

INSERT INTO `kitchen_designers_gallery` (`id`, `kitchen_designers_id`, `file_name`, `status`) VALUES
(2, '6', '6-1609495935AboutUs.jpeg', 'active'),
(4, '7', '7-1609496894forextrader22.jpg', 'active'),
(5, '7', '7-1609497897forex-trading.jpeg', 'active'),
(6, '7', '7-1609497979teammenber.jpeg', 'active'),
(8, '7', '7-1609498499forextrader22.jpg', 'active'),
(10, '5', '5-1609570665.jpg', 'active'),
(11, '5', '5-1609570680.jpg', 'active'),
(12, '5', '5-1609570683.jpg', 'active'),
(14, '4', '4-1609570791.jpg', 'active'),
(15, '4', '4-1609570794.jpg', 'active'),
(16, '4', '4-1609570796.jpg', 'active'),
(17, '3', '3-1609570834.jpg', 'active'),
(18, '3', '3-1609570837.jpg', 'active'),
(19, '3', '3-1609570840.jpg', 'active');

-- --------------------------------------------------------

--
-- Table structure for table `lead_inquiry`
--

CREATE TABLE `lead_inquiry` (
  `id` int(250) NOT NULL,
  `name` varchar(300) DEFAULT NULL,
  `phone` varchar(20) DEFAULT NULL,
  `email` varchar(250) DEFAULT NULL,
  `message` varchar(9999) DEFAULT NULL,
  `other` text DEFAULT NULL,
  `status` varchar(200) DEFAULT 'Visitor'
) ENGINE=InnoDB DEFAULT CHARSET=latin1;

--
-- Dumping data for table `lead_inquiry`
--

INSERT INTO `lead_inquiry` (`id`, `name`, `phone`, `email`, `message`, `other`, `status`) VALUES
(3, 'jfj', '1111111111', 'admin@dd.c', 'Lorem Ipsum is simply dummy text of the printing and typesetting industry. Lorem Ipsum has been the industry\'s standard dummy text ever since the 1500s, when an unknown printer took a galley of type and scrambled it to make a type specimen book. It has survived not only five centuries, but also the leap into electronic typesetting, remaining essentially unchanged. It was popularised in the 1960s with the release of Letraset sheets containing Lorem Ipsum passages, and more recently with desktop publishing software like Aldus PageMaker including versions of Lorem Ipsum.', 'other nsg', 'active'),
(4, 'jfj', '1111111111', 'admin@dd.c', 'c', 'Lorem Ipsum is simply dummy text of the printing and typesetting industry. Lorem Ipsum has been the industry\'s standard dummy text ever since the 1500s, when an unknown printer took a galley of type and scrambled it to make a type specimen book. It has survived not only five centuries, but also the leap into electronic typesetting, remaining essentially unchanged. It was popularised in the 1960s with the release of Letraset sheets containing Lorem Ipsum passages, and more recently with desktop publishing software like Aldus PageMaker including versions of Lorem Ipsum.', 'active'),
(5, 'jfj', '1111111111', 'admin@dd.c', 'c', NULL, 'active'),
(6, 'jfj', '1111111111', 'admin@dd.c', 'c', NULL, 'active'),
(7, 'jfj', '1111111111', 'admin@dd.c', 'c', NULL, 'active');

-- --------------------------------------------------------

--
-- Table structure for table `makeappointment`
--

CREATE TABLE `makeappointment` (
  `id` int(10) NOT NULL,
  `name` varchar(2000) DEFAULT NULL,
  `email` varchar(100) DEFAULT NULL,
  `interest` varchar(1000) DEFAULT NULL,
  `status` varchar(50) DEFAULT NULL
) ENGINE=MyISAM DEFAULT CHARSET=latin1;

--
-- Dumping data for table `makeappointment`
--

INSERT INTO `makeappointment` (`id`, `name`, `email`, `interest`, `status`) VALUES
(1, 'dhamraj', 'test@gmail.com', 'Consulting', 'active');

-- --------------------------------------------------------

--
-- Table structure for table `product`
--

CREATE TABLE `product` (
  `id` int(10) NOT NULL,
  `product_category_id` varchar(20) DEFAULT NULL,
  `name` varchar(2000) DEFAULT NULL,
  `price` int(10) DEFAULT NULL,
  `imge` varchar(500) DEFAULT NULL,
  `details` text DEFAULT NULL,
  `url` varchar(2000) DEFAULT NULL,
  `meta_title` text DEFAULT NULL,
  `meta_desc` text DEFAULT NULL,
  `meta_keyword` varchar(100) DEFAULT NULL,
  `status` varchar(50) DEFAULT NULL
) ENGINE=InnoDB DEFAULT CHARSET=utf8mb4;

-- --------------------------------------------------------

--
-- Table structure for table `product_category`
--

CREATE TABLE `product_category` (
  `id` int(50) NOT NULL,
  `g_category_name` varchar(8000) DEFAULT NULL,
  `g_code` varchar(500) DEFAULT NULL,
  `status` varchar(500) DEFAULT NULL
) ENGINE=InnoDB DEFAULT CHARSET=utf8mb4;

--
-- Dumping data for table `product_category`
--

INSERT INTO `product_category` (`id`, `g_category_name`, `g_code`, `status`) VALUES
(3, 'Furnitures', 'FUR1', 'active'),
(4, 'Wall Posters', 'WAL4', 'active');

-- --------------------------------------------------------

--
-- Table structure for table `services`
--

CREATE TABLE `services` (
  `id` int(20) NOT NULL,
  `name` varchar(5000) DEFAULT NULL,
  `detail` text DEFAULT NULL,
  `image` varchar(1000) DEFAULT NULL,
  `service_code` varchar(100) DEFAULT NULL,
  `url` varchar(5000) DEFAULT NULL,
  `custom_url` varchar(5000) DEFAULT NULL,
  `meta_title` varchar(5000) DEFAULT NULL,
  `keyword` varchar(5000) DEFAULT NULL,
  `description` varchar(3000) DEFAULT NULL,
  `show_On_home_page` varchar(5) DEFAULT NULL,
  `faqQuestion` text DEFAULT NULL,
  `faqAanswer` text DEFAULT NULL,
  `status` varchar(100) DEFAULT NULL
) ENGINE=InnoDB DEFAULT CHARSET=latin1;

--
-- Dumping data for table `services`
--

INSERT INTO `services` (`id`, `name`, `detail`, `image`, `service_code`, `url`, `custom_url`, `meta_title`, `keyword`, `description`, `show_On_home_page`, `faqQuestion`, `faqAanswer`, `status`) VALUES
(30, 'first Service', '<p>service details</p>\r\n', '1605609741a2.jpg', 'TES30', 'first-service', 'first-Service-page', 'meta title', 'serv seo keywords', 'meta desc', '1', NULL, NULL, 'active'),
(31, 'test services1', '<p>gg</p>\r\n', '1605611757a6.jpg', 'TES31', 'test-services1', 'first-service-page2-sr-raj', 're sr', 're', 're', '0', NULL, NULL, 'active'),
(32, 'test services', '<p>rer</p>\r\n', '1605675465a3.jpg', 'TES32', 'test-services', 'erer-erer-rere-rer', 'er', '', '', '0', NULL, NULL, 'active'),
(34, 'test services', '<p>dfd</p>\r\n', '1605771115home about.png', 'TES33', 'test-services', 'terst-ghgfhg-ggj', 'df', 'fd', '', '1', 'Array', '                                fdff--ere', 'active'),
(35, 'test services dk', '<p>fdf</p>\r\n', '16061065431.png', 'TES35', 'test-services-dk', 'test-services-dk', 'fd', 'df', 'dfd', '1', 'PG options with WiFi facility available in DLF City Phase 1?--PG options with WiFi facility available in DLF City Phase 2?--PG options with WiFi facility available in DLF City Phase 3?', 'fdfdf  fdfdfdfd dgdf--fdfdf  fdfdfdfd dgdf--fdfdf  fdfdfdfd dgdf', 'active'),
(36, 'test services', '<p>er</p>\r\n', '16061082252 New.png', 'TES36', 'test-services', 'erer-erer-rere-rer', 're sr', 're', 'ere', '0', 'PG options with WiFi facility available in DLF City Phase 1?--PG options with WiFi facility available in DLF City Phase 1?erer', 'rerererer eerer--eeet tee', 'active');

-- --------------------------------------------------------

--
-- Table structure for table `services_show_on_home_page`
--

CREATE TABLE `services_show_on_home_page` (
  `id` int(20) NOT NULL,
  `no_services` varchar(50) DEFAULT NULL,
  `active` varchar(100) DEFAULT NULL
) ENGINE=InnoDB DEFAULT CHARSET=utf8mb4;

--
-- Dumping data for table `services_show_on_home_page`
--

INSERT INTO `services_show_on_home_page` (`id`, `no_services`, `active`) VALUES
(1, '6', 'active');

-- --------------------------------------------------------

--
-- Table structure for table `slider`
--

CREATE TABLE `slider` (
  `id` int(10) NOT NULL,
  `slider_img` varchar(5000) DEFAULT NULL,
  `title` varchar(2000) DEFAULT NULL,
  `sub_title` varchar(2000) DEFAULT NULL,
  `status` varchar(100) DEFAULT 'active'
) ENGINE=InnoDB DEFAULT CHARSET=latin1;

--
-- Dumping data for table `slider`
--

INSERT INTO `slider` (`id`, `slider_img`, `title`, `sub_title`, `status`) VALUES
(15, '1616135974b1.jpg', NULL, NULL, 'active'),
(16, '1616135978b2.jpg', NULL, NULL, 'active'),
(17, '1616135981b3.jpg', NULL, NULL, 'active');

-- --------------------------------------------------------

--
-- Table structure for table `team`
--

CREATE TABLE `team` (
  `id` int(11) NOT NULL,
  `name` varchar(2000) DEFAULT NULL,
  `designation` text DEFAULT NULL,
  `url` varchar(2000) DEFAULT NULL,
  `team_details` text DEFAULT NULL,
  `image` varchar(500) DEFAULT NULL,
  `meta_keyword` text DEFAULT NULL,
  `meta_title` text DEFAULT NULL,
  `meta_desc` text DEFAULT NULL,
  `fb_link` varchar(1500) DEFAULT NULL,
  `instagram_link` varchar(1500) DEFAULT NULL,
  `twitter_link` varchar(1500) DEFAULT NULL,
  `skype_id` varchar(1500) DEFAULT NULL,
  `linkedin_link` varchar(1500) DEFAULT NULL,
  `youtube_link` varchar(1500) DEFAULT NULL,
  `status` varchar(20) DEFAULT NULL
) ENGINE=InnoDB DEFAULT CHARSET=utf8mb4;

-- --------------------------------------------------------

--
-- Table structure for table `testimonials`
--

CREATE TABLE `testimonials` (
  `id` int(50) NOT NULL,
  `name` varchar(2000) DEFAULT NULL,
  `photo` varchar(500) DEFAULT NULL,
  `feedback` text DEFAULT NULL,
  `status` varchar(100) DEFAULT 'active'
) ENGINE=InnoDB DEFAULT CHARSET=latin1;

--
-- Dumping data for table `testimonials`
--

INSERT INTO `testimonials` (`id`, `name`, `photo`, `feedback`, `status`) VALUES
(2, 'Nicky Oppenheimer ', '1591174566Nicky_Oppenheimer.jpg', 'Lorem ipsum dolor sit amet, consectetur adipiscing elit, sed do eiusmod tempor incididunt ut labore et dolore magna aliqua. Ut enim ad minim veniam, quis nostrud exercitation ullamco dk', 'active');

-- --------------------------------------------------------

--
-- Table structure for table `wardrobe`
--

CREATE TABLE `wardrobe` (
  `id` int(10) NOT NULL,
  `title` varchar(2000) DEFAULT NULL,
  `url` varchar(2050) DEFAULT NULL,
  `sub_title` varchar(2000) DEFAULT NULL,
  `details` text DEFAULT NULL,
  `main_img` varchar(500) DEFAULT NULL,
  `banner_img` varchar(1000) DEFAULT NULL,
  `menu_img` varchar(500) DEFAULT NULL,
  `meta_title` varchar(1000) DEFAULT NULL,
  `meta_desc` varchar(1000) DEFAULT NULL,
  `meta_keywords` varchar(5000) DEFAULT NULL,
  `status` varchar(100) DEFAULT NULL
) ENGINE=InnoDB DEFAULT CHARSET=utf8mb4;

--
-- Dumping data for table `wardrobe`
--

INSERT INTO `wardrobe` (`id`, `title`, `url`, `sub_title`, `details`, `main_img`, `banner_img`, `menu_img`, `meta_title`, `meta_desc`, `meta_keywords`, `status`) VALUES
(4, 'Walking Closet', 'walking-closet', 'Walk-In Closet Wardrobe - Latest modular wardrobe designs in Gurgaon, Delhi, Faridabad', '<p>Get a beautiful and luxurious walk-in closet wardrobe with numerous color options, styles, and quality as per your requirements. Star Kitchens &amp; Interiors is providing you with the most advanced solutions for walk-in closets in Gurgaon, Noida, Delhi, Ghaziabad, and Faridabad. We give you amazing designs and various styles of walkin-closet that suits your requirements. Depending on your needs, we are capable to customize the designs of these closets to serve you with excellence. We have the&nbsp;<strong>latest modular wardrobe designs</strong>&nbsp;to facilitate you with the most amazing closet styles.</p>\r\n\r\n<p>Under our expert services, we are covering various types of walkin-closets that will help you to store your desired items like clothes, shoes, newspapers, books, etc.<br />\r\n<br />\r\nAs per your needs, we can customize the designs to allow you easy access to your desired items from these closets. Also, we take care to use the most appropriate finishing and build materials for these closets. Various options for customizable height, design, and closet styles are there. You are free to get the services at affordable&nbsp;<strong>modular wardrobe price</strong>&nbsp;ranges. Using our excellent designing and installation tactics, we allow you to have the most appropriate closet styles for your variable requirements.<br />\r\n<br />\r\nThese walkin-closets are great if you are looking for the best solutions to store any precious item in a secured place. We will make sure to build these closets with the toughest materials. Working with our best installation and designing experts, we offer the best quality services at unbelievable prices to our clients. You do not have to struggle more in order to find affordable&nbsp;<strong>wardrobe prices in Gurgaon</strong>. Our well-organized services and unmatched products are best if you are looking for expert solutions in this domain.<br />\r\n<br />\r\nWhether you are looking for these closets in any location of your house or office, we will assign the expert to finalize your needs. Also, you are free to tell us your needs and customize the solutions as per your requirements. To know more about our services, feel free to get in touch with us anytime.</p>\r\n', 'main-1610102427.jpg', 'banner1609823253.jpg', 'menu-1610102427.jpg', '', '', '', 'active'),
(5, 'Openable Shutter', 'openable-shutter', 'Openable shutter wardrobe - latest modular wardrobe designs', '<p>Star Kitchens &amp; Interiors is here with its most impressive range of openable-shutter wardrobes in variable colors, designs, and materials. We are allowing our clients to receive the best and most suitable openable shutters at affordable prices in Gurgaon, Delhi, Noida, Faridabad, and Ghaziabad. We are fulfilling all the desires of our clients by providing them with the most beautiful openable shutters in different types. Providing excellent offerings with these excellent wardrobe products, we help you to have well-designed and developed wardrobes for you.</p>\r\n\r\n<p>Whatever your needs are, we are capable to provide you the best solutions which are backed by our industry experts. We develop the best and customizable&nbsp;<strong>openable wardrobe shutter design</strong>&nbsp;and styles for our clients.<br />\r\n<br />\r\nDue to their extensive offerings, these wardrobes are highly demanded. But, with our broadly cherished offerings, we provide the most effective solutions to our clients. Together with this, the products can easily be personalized to match the specific needs of customers. As per your needs and the approached spaces for these openable shutters, we are capable to give you the services that can satisfy your requirements. Along with the floor or&nbsp;<strong>wall mounted wardrobe</strong>, we are capable to design the most suitable openable shutter wardrobes for you. With our team of expert designers, we ensure to design the best types of wardrobes that suit your needs and style.<br />\r\n<br />\r\nUsing our excellent installation tools and unmatched building materials, we make sure to give the most effective outlooks to your products. To fulfill your highest demands, we are always ready with our&nbsp;<strong>latest designs for wardrobe</strong>&nbsp;at affordable prices. You just have to tell us your requirements. We will be ready with the best-developed solutions for you. Using world-class designing and installation tactics, our main motto is always to fulfill your demands in an effective way.<br />\r\n<br />\r\nWe also have the most affordable&nbsp;<strong>wardrobe price in Gurgaon</strong>&nbsp;to facilitate you more. So, connect with us if you are looking for industry experts to develop the excellent openable shutter wardrobes for you. We will there to support you anytime you want.</p>\r\n', 'main-1610102335.jpg', 'banner1609823450.jpg', 'menu-1610102335.jpg', '', '', '', 'active'),
(6, 'Sliding Doors', 'sliding-doors', 'Sliding door modular wardrobe - Latest designs in Gurgaon, Delhi, Noida, Faridabad, Ghaziabad', '<p>Star Kitchens &amp; Interiors is providing you the best sliding door wardrobe to free up more space and give an amazing outlook to your bedroom. Available at affordable prices, we are offering our excellent services for sliding door wardrobes in Gurgaon, Delhi, Noida, Faridabad, and Ghaziabad. Our expert designing strategies and best-in-class installation services are good to have the best sliding door wardrobes in your desired locations.</p>\r\n\r\n<p>Using the best quality and beautiful materials, we make sure to install your wardrobes in an effective manner and fulfill all your desires. We have the most affordable&nbsp;<strong>wardrobe price in Gurgaon</strong>&nbsp;to facilitate our clients with unmatched services.<br />\r\n<br />\r\nWe take care of your budgets, requirements, available spaces, and desired material while developing these wardrobes for you. Using the best accessories and movement mechanism, we allow you to operate the sliding doors easily. Also, we offer you vast storage spaces inside these wardrobes. Along with the mesmerizing designs, and great build quality, we are focused to offer our services at an affordable&nbsp;<strong>wardrobe price in Delhi</strong>. Amazing designed and well-equipped with the strong and attractive material, these sliding door wardrobes are great to store any of your precious items safely.<br />\r\n<br />\r\nYou can easily manage your clothes, books, or any other thing with the help of these easy to use closets. The sliding door wardrobe works well in the bedrooms, bathrooms, and living rooms. So, whatever your needs are, you will get the best sliding door closets at unbelievable&nbsp;<strong>wardrobe price in Faridabad.</strong>&nbsp;Our expert designers will be there to design the most amazing wardrobes that suit your demands. Also, we make these wardrobes spacious and easily accessible to you.<br />\r\n<br />\r\nThe&nbsp;<strong>latest modular wardrobe design&nbsp;</strong>and high-end finishing materials are used to fulfill your needs in an effective manner. With our huge experience in this field, we have worked for numerous clients by giving them the best&nbsp;<strong>sliding wardrobe</strong>&nbsp;products. If you are also looking for the best company that can help you get the best wardrobes, get in touch with us.</p>\r\n', 'main-1610102282.jpg', 'banner1609823477.jpg', 'menu-1610102240.jpg', '', '', '', 'active');

-- --------------------------------------------------------

--
-- Table structure for table `wardrobe_faq`
--

CREATE TABLE `wardrobe_faq` (
  `id` int(10) NOT NULL,
  `wardrobe_id` varchar(100) DEFAULT NULL,
  `question` varchar(3000) DEFAULT NULL,
  `answer` varchar(5000) DEFAULT NULL,
  `status` varchar(50) DEFAULT NULL
) ENGINE=InnoDB DEFAULT CHARSET=utf8mb4;

--
-- Dumping data for table `wardrobe_faq`
--

INSERT INTO `wardrobe_faq` (`id`, `wardrobe_id`, `question`, `answer`, `status`) VALUES
(3, '6', 'dsd', 'dsd', 'active'),
(4, '5', 'sd', 'sds', 'active');

-- --------------------------------------------------------

--
-- Table structure for table `wardrobe_gallery`
--

CREATE TABLE `wardrobe_gallery` (
  `id` int(10) NOT NULL,
  `wardrobe_id` varchar(200) DEFAULT NULL,
  `file_name` varchar(1000) DEFAULT NULL,
  `status` varchar(50) DEFAULT NULL
) ENGINE=InnoDB DEFAULT CHARSET=utf8mb4;

--
-- Dumping data for table `wardrobe_gallery`
--

INSERT INTO `wardrobe_gallery` (`id`, `wardrobe_id`, `file_name`, `status`) VALUES
(3, '2', '2-1609501808advantages-trading.jpeg', 'active'),
(6, '6', '6-1609502548l1.jpg', 'active'),
(8, '6', '6-1609502583l2.jpg', 'active'),
(9, '6', '6-1609502591l3.jpg', 'active'),
(10, '5', '5-1609570472.jpg', 'active'),
(11, '5', '5-1609570484.jpg', 'active'),
(12, '5', '5-1609570487.jpg', 'active'),
(13, '4', '4-1609570544.jpg', 'active'),
(14, '4', '4-1609570547.jpg', 'active'),
(15, '4', '4-1609570551.jpg', 'active');

-- --------------------------------------------------------

--
-- Table structure for table `youtube_video_gallary`
--

CREATE TABLE `youtube_video_gallary` (
  `id` int(10) NOT NULL,
  `title` varchar(500) DEFAULT NULL,
  `youtube_video_id` varchar(500) DEFAULT NULL,
  `status` varchar(50) DEFAULT NULL
) ENGINE=InnoDB DEFAULT CHARSET=utf8mb4;

--
-- Indexes for dumped tables
--

--
-- Indexes for table `about_design_img`
--
ALTER TABLE `about_design_img`
  ADD PRIMARY KEY (`id`);

--
-- Indexes for table `about_faq`
--
ALTER TABLE `about_faq`
  ADD PRIMARY KEY (`id`);

--
-- Indexes for table `admin_more_info`
--
ALTER TABLE `admin_more_info`
  ADD PRIMARY KEY (`id`);

--
-- Indexes for table `apply_jobs_post`
--
ALTER TABLE `apply_jobs_post`
  ADD PRIMARY KEY (`id`);

--
-- Indexes for table `blog`
--
ALTER TABLE `blog`
  ADD PRIMARY KEY (`id`);

--
-- Indexes for table `blogs_review`
--
ALTER TABLE `blogs_review`
  ADD PRIMARY KEY (`id`);

--
-- Indexes for table `book_appointment`
--
ALTER TABLE `book_appointment`
  ADD PRIMARY KEY (`id`);

--
-- Indexes for table `b_category`
--
ALTER TABLE `b_category`
  ADD PRIMARY KEY (`id`);

--
-- Indexes for table `clients_photo`
--
ALTER TABLE `clients_photo`
  ADD PRIMARY KEY (`id`);

--
-- Indexes for table `contactUsPageEnquiry`
--
ALTER TABLE `contactUsPageEnquiry`
  ADD PRIMARY KEY (`id`);

--
-- Indexes for table `gallery`
--
ALTER TABLE `gallery`
  ADD PRIMARY KEY (`id`);

--
-- Indexes for table `gallery_category`
--
ALTER TABLE `gallery_category`
  ADD PRIMARY KEY (`id`);

--
-- Indexes for table `g_category`
--
ALTER TABLE `g_category`
  ADD PRIMARY KEY (`id`);

--
-- Indexes for table `home_page_marquee`
--
ALTER TABLE `home_page_marquee`
  ADD PRIMARY KEY (`id`);

--
-- Indexes for table `job_enquiry`
--
ALTER TABLE `job_enquiry`
  ADD PRIMARY KEY (`id`);

--
-- Indexes for table `job_post`
--
ALTER TABLE `job_post`
  ADD PRIMARY KEY (`id`);

--
-- Indexes for table `kitchens`
--
ALTER TABLE `kitchens`
  ADD PRIMARY KEY (`id`);

--
-- Indexes for table `kitchens_faqs`
--
ALTER TABLE `kitchens_faqs`
  ADD PRIMARY KEY (`id`);

--
-- Indexes for table `kitchens_gallery`
--
ALTER TABLE `kitchens_gallery`
  ADD PRIMARY KEY (`id`);

--
-- Indexes for table `kitchen_designers`
--
ALTER TABLE `kitchen_designers`
  ADD PRIMARY KEY (`id`);

--
-- Indexes for table `kitchen_designers_faq`
--
ALTER TABLE `kitchen_designers_faq`
  ADD PRIMARY KEY (`id`);

--
-- Indexes for table `kitchen_designers_gallery`
--
ALTER TABLE `kitchen_designers_gallery`
  ADD PRIMARY KEY (`id`);

--
-- Indexes for table `lead_inquiry`
--
ALTER TABLE `lead_inquiry`
  ADD PRIMARY KEY (`id`);

--
-- Indexes for table `makeappointment`
--
ALTER TABLE `makeappointment`
  ADD PRIMARY KEY (`id`);

--
-- Indexes for table `product`
--
ALTER TABLE `product`
  ADD PRIMARY KEY (`id`);

--
-- Indexes for table `product_category`
--
ALTER TABLE `product_category`
  ADD PRIMARY KEY (`id`);

--
-- Indexes for table `services`
--
ALTER TABLE `services`
  ADD PRIMARY KEY (`id`);

--
-- Indexes for table `services_show_on_home_page`
--
ALTER TABLE `services_show_on_home_page`
  ADD PRIMARY KEY (`id`);

--
-- Indexes for table `slider`
--
ALTER TABLE `slider`
  ADD PRIMARY KEY (`id`);

--
-- Indexes for table `team`
--
ALTER TABLE `team`
  ADD PRIMARY KEY (`id`);

--
-- Indexes for table `testimonials`
--
ALTER TABLE `testimonials`
  ADD PRIMARY KEY (`id`);

--
-- Indexes for table `wardrobe`
--
ALTER TABLE `wardrobe`
  ADD PRIMARY KEY (`id`);

--
-- Indexes for table `wardrobe_faq`
--
ALTER TABLE `wardrobe_faq`
  ADD PRIMARY KEY (`id`);

--
-- Indexes for table `wardrobe_gallery`
--
ALTER TABLE `wardrobe_gallery`
  ADD PRIMARY KEY (`id`);

--
-- Indexes for table `youtube_video_gallary`
--
ALTER TABLE `youtube_video_gallary`
  ADD PRIMARY KEY (`id`);

--
-- AUTO_INCREMENT for dumped tables
--

--
-- AUTO_INCREMENT for table `about_design_img`
--
ALTER TABLE `about_design_img`
  MODIFY `id` int(10) NOT NULL AUTO_INCREMENT, AUTO_INCREMENT=15;

--
-- AUTO_INCREMENT for table `about_faq`
--
ALTER TABLE `about_faq`
  MODIFY `id` int(10) NOT NULL AUTO_INCREMENT, AUTO_INCREMENT=3;

--
-- AUTO_INCREMENT for table `admin_more_info`
--
ALTER TABLE `admin_more_info`
  MODIFY `id` int(100) NOT NULL AUTO_INCREMENT, AUTO_INCREMENT=2;

--
-- AUTO_INCREMENT for table `apply_jobs_post`
--
ALTER TABLE `apply_jobs_post`
  MODIFY `id` int(10) NOT NULL AUTO_INCREMENT, AUTO_INCREMENT=3;

--
-- AUTO_INCREMENT for table `blog`
--
ALTER TABLE `blog`
  MODIFY `id` int(20) NOT NULL AUTO_INCREMENT, AUTO_INCREMENT=10;

--
-- AUTO_INCREMENT for table `blogs_review`
--
ALTER TABLE `blogs_review`
  MODIFY `id` int(50) NOT NULL AUTO_INCREMENT, AUTO_INCREMENT=9;

--
-- AUTO_INCREMENT for table `book_appointment`
--
ALTER TABLE `book_appointment`
  MODIFY `id` int(10) NOT NULL AUTO_INCREMENT, AUTO_INCREMENT=11;

--
-- AUTO_INCREMENT for table `b_category`
--
ALTER TABLE `b_category`
  MODIFY `id` int(50) NOT NULL AUTO_INCREMENT, AUTO_INCREMENT=6;

--
-- AUTO_INCREMENT for table `clients_photo`
--
ALTER TABLE `clients_photo`
  MODIFY `id` int(10) NOT NULL AUTO_INCREMENT, AUTO_INCREMENT=8;

--
-- AUTO_INCREMENT for table `contactUsPageEnquiry`
--
ALTER TABLE `contactUsPageEnquiry`
  MODIFY `id` int(10) NOT NULL AUTO_INCREMENT, AUTO_INCREMENT=3;

--
-- AUTO_INCREMENT for table `gallery`
--
ALTER TABLE `gallery`
  MODIFY `id` int(11) NOT NULL AUTO_INCREMENT, AUTO_INCREMENT=6;

--
-- AUTO_INCREMENT for table `gallery_category`
--
ALTER TABLE `gallery_category`
  MODIFY `id` int(10) NOT NULL AUTO_INCREMENT, AUTO_INCREMENT=4;

--
-- AUTO_INCREMENT for table `g_category`
--
ALTER TABLE `g_category`
  MODIFY `id` int(10) NOT NULL AUTO_INCREMENT, AUTO_INCREMENT=10;

--
-- AUTO_INCREMENT for table `home_page_marquee`
--
ALTER TABLE `home_page_marquee`
  MODIFY `id` int(5) NOT NULL AUTO_INCREMENT, AUTO_INCREMENT=2;

--
-- AUTO_INCREMENT for table `job_enquiry`
--
ALTER TABLE `job_enquiry`
  MODIFY `id` int(10) NOT NULL AUTO_INCREMENT;

--
-- AUTO_INCREMENT for table `job_post`
--
ALTER TABLE `job_post`
  MODIFY `id` int(10) NOT NULL AUTO_INCREMENT, AUTO_INCREMENT=9;

--
-- AUTO_INCREMENT for table `kitchens`
--
ALTER TABLE `kitchens`
  MODIFY `id` int(10) NOT NULL AUTO_INCREMENT, AUTO_INCREMENT=17;

--
-- AUTO_INCREMENT for table `kitchens_faqs`
--
ALTER TABLE `kitchens_faqs`
  MODIFY `id` int(10) NOT NULL AUTO_INCREMENT, AUTO_INCREMENT=5;

--
-- AUTO_INCREMENT for table `kitchens_gallery`
--
ALTER TABLE `kitchens_gallery`
  MODIFY `id` int(10) NOT NULL AUTO_INCREMENT, AUTO_INCREMENT=33;

--
-- AUTO_INCREMENT for table `kitchen_designers`
--
ALTER TABLE `kitchen_designers`
  MODIFY `id` int(10) NOT NULL AUTO_INCREMENT, AUTO_INCREMENT=11;

--
-- AUTO_INCREMENT for table `kitchen_designers_faq`
--
ALTER TABLE `kitchen_designers_faq`
  MODIFY `id` int(10) NOT NULL AUTO_INCREMENT, AUTO_INCREMENT=4;

--
-- AUTO_INCREMENT for table `kitchen_designers_gallery`
--
ALTER TABLE `kitchen_designers_gallery`
  MODIFY `id` int(10) NOT NULL AUTO_INCREMENT, AUTO_INCREMENT=20;

--
-- AUTO_INCREMENT for table `lead_inquiry`
--
ALTER TABLE `lead_inquiry`
  MODIFY `id` int(250) NOT NULL AUTO_INCREMENT, AUTO_INCREMENT=8;

--
-- AUTO_INCREMENT for table `makeappointment`
--
ALTER TABLE `makeappointment`
  MODIFY `id` int(10) NOT NULL AUTO_INCREMENT, AUTO_INCREMENT=2;

--
-- AUTO_INCREMENT for table `product`
--
ALTER TABLE `product`
  MODIFY `id` int(10) NOT NULL AUTO_INCREMENT, AUTO_INCREMENT=4;

--
-- AUTO_INCREMENT for table `product_category`
--
ALTER TABLE `product_category`
  MODIFY `id` int(50) NOT NULL AUTO_INCREMENT, AUTO_INCREMENT=5;

--
-- AUTO_INCREMENT for table `services`
--
ALTER TABLE `services`
  MODIFY `id` int(20) NOT NULL AUTO_INCREMENT, AUTO_INCREMENT=37;

--
-- AUTO_INCREMENT for table `services_show_on_home_page`
--
ALTER TABLE `services_show_on_home_page`
  MODIFY `id` int(20) NOT NULL AUTO_INCREMENT, AUTO_INCREMENT=6;

--
-- AUTO_INCREMENT for table `slider`
--
ALTER TABLE `slider`
  MODIFY `id` int(10) NOT NULL AUTO_INCREMENT, AUTO_INCREMENT=18;

--
-- AUTO_INCREMENT for table `team`
--
ALTER TABLE `team`
  MODIFY `id` int(11) NOT NULL AUTO_INCREMENT, AUTO_INCREMENT=3;

--
-- AUTO_INCREMENT for table `testimonials`
--
ALTER TABLE `testimonials`
  MODIFY `id` int(50) NOT NULL AUTO_INCREMENT, AUTO_INCREMENT=7;

--
-- AUTO_INCREMENT for table `wardrobe`
--
ALTER TABLE `wardrobe`
  MODIFY `id` int(10) NOT NULL AUTO_INCREMENT, AUTO_INCREMENT=9;

--
-- AUTO_INCREMENT for table `wardrobe_faq`
--
ALTER TABLE `wardrobe_faq`
  MODIFY `id` int(10) NOT NULL AUTO_INCREMENT, AUTO_INCREMENT=5;

--
-- AUTO_INCREMENT for table `wardrobe_gallery`
--
ALTER TABLE `wardrobe_gallery`
  MODIFY `id` int(10) NOT NULL AUTO_INCREMENT, AUTO_INCREMENT=16;

--
-- AUTO_INCREMENT for table `youtube_video_gallary`
--
ALTER TABLE `youtube_video_gallary`
  MODIFY `id` int(10) NOT NULL AUTO_INCREMENT, AUTO_INCREMENT=7;
COMMIT;

